16881 and 35955?
51
What is the highest common divisor of 252100 and 184?
4
Calculate the highest common factor of 36 and 2975292.
36
Calculate the greatest common factor of 1 and 17937810.
1
Calculate the greatest common factor of 77 and 152027843.
11
What is the highest common factor of 8 and 508624?
8
What is the highest common factor of 959628 and 69?
3
What is the highest common factor of 13 and 27353378?
13
What is the greatest common divisor of 3942594 and 214164?
162
What is the highest common divisor of 3170220 and 1810?
10
What is the greatest common factor of 19939780 and 35?
35
Calculate the highest common factor of 2302944 and 24656.
368
Calculate the greatest common factor of 57049 and 16737792.
641
Calculate the greatest common divisor of 3578777 and 1541.
23
Calculate the highest common factor of 189738 and 1094994.
2286
What is the highest common divisor of 29668950 and 1350?
1350
What is the highest common factor of 32820672 and 16?
16
Calculate the highest common factor of 3536 and 11950133.
221
What is the highest common factor of 676 and 4222972?
676
What is the greatest common divisor of 1300 and 43030780?
260
Calculate the highest common factor of 987 and 44751.
21
Calculate the greatest common divisor of 132101 and 435361.
59
Calculate the highest common factor of 625 and 3664625.
125
What is the greatest common divisor of 18 and 49517289?
9
What is the greatest common divisor of 21 and 493768926?
21
What is the greatest common divisor of 4935203 and 28371?
1351
What is the greatest common divisor of 423027901 and 206?
103
What is the greatest common divisor of 1584 and 59971824?
1584
Calculate the greatest common divisor of 88102725 and 435.
435
What is the greatest common divisor of 343 and 3770501?
49
Calculate the greatest common factor of 42644 and 2513.
7
Calculate the highest common divisor of 6752759 and 814.
37
Calculate the greatest common divisor of 43 and 13167245.
43
Calculate the highest common divisor of 747 and 43803297.
9
What is the highest common factor of 7038 and 317322?
306
What is the greatest common factor of 41475717 and 5?
1
Calculate the greatest common factor of 252 and 24931284.
84
Calculate the highest common factor of 6903 and 640209.
177
What is the greatest common divisor of 164319150 and 1350?
150
Calculate the highest common divisor of 74760640 and 16885.
1535
What is the highest common divisor of 122104459 and 5484?
457
What is the highest common factor of 132 and 68194956?
12
Calculate the highest common divisor of 121164 and 2668.
92
What is the highest common divisor of 48 and 412859504?
16
What is the greatest common divisor of 654 and 68382894?
654
What is the greatest common divisor of 66 and 35202662?
22
What is the greatest common divisor of 2904665 and 25?
5
What is the greatest common factor of 91464379 and 477?
53
Calculate the highest common divisor of 292 and 44825723.
73
What is the highest common divisor of 504 and 8148312?
72
What is the highest common factor of 203920 and 37580?
20
What is the highest common factor of 144478 and 1338466?
2726
Calculate the greatest common factor of 5878599 and 339.
339
What is the highest common divisor of 144838834 and 417?
139
What is the greatest common factor of 10022035 and 75815?
295
Calculate the greatest common factor of 9550604 and 6076.
868
What is the greatest common factor of 425479 and 824687?
139
What is the greatest common factor of 112036 and 13172?
148
Calculate the greatest common divisor of 86 and 44802388.
86
What is the greatest common factor of 1600 and 5701440?
320
What is the highest common factor of 807 and 2329809?
807
Calculate the greatest common factor of 648 and 39807144.
72
What is the greatest common factor of 10270296 and 251222?
4258
What is the highest common divisor of 525 and 272272875?
525
Calculate the highest common divisor of 1498 and 110883458.
1498
What is the greatest common divisor of 9052 and 18734788?
124
What is the highest common divisor of 400111125 and 1503?
501
What is the greatest common divisor of 934 and 27657141?
467
Calculate the greatest common divisor of 38230 and 33170.
10
Calculate the highest common factor of 839919 and 136.
17
Calculate the highest common factor of 790154321 and 11.
11
Calculate the highest common factor of 7000102 and 5238.
194
What is the greatest common factor of 462 and 2898544?
22
What is the highest common divisor of 231605 and 90035?
55
What is the greatest common factor of 12584992 and 4864?
608
What is the greatest common divisor of 59763 and 90356223?
5433
Calculate the greatest common divisor of 394478 and 6118.
266
What is the highest common divisor of 782871 and 45489?
177
What is the greatest common divisor of 88881915 and 465?
15
What is the greatest common factor of 30763 and 192?
1
What is the greatest common divisor of 1503271 and 15141?
49
What is the highest common divisor of 104 and 964925?
13
What is the greatest common factor of 8 and 65473308?
4
Calculate the highest common factor of 10789135 and 476.
119
Calculate the highest common divisor of 975 and 4329300.
75
Calculate the greatest common divisor of 690 and 97861366.
46
What is the greatest common divisor of 37940 and 5785220?
140
What is the highest common factor of 24486882 and 91?
7
Calculate the highest common divisor of 915644079 and 189.
63
Calculate the greatest common divisor of 761960 and 42140.
860
What is the greatest common factor of 148733 and 739687?
221
Calculate the greatest common divisor of 217 and 10384969.
217
What is the highest common factor of 2100725072 and 16?
16
Calculate the greatest common factor of 458005335 and 30.
15
What is the highest common divisor of 12046 and 3272256?
38
Calculate the highest common divisor of 71499627 and 15975.
639
What is the greatest common divisor of 8306 and 1201288474?
8306
Calculate the greatest common factor of 6537949 and 1848.
11
What is the greatest common divisor of 102269892 and 4437?
1479
Calculate the greatest common factor of 945 and 76373766.
189
What is the highest common factor of 7987199 and 11?
11
What is the greatest common divisor of 1674 and 10944?
18
Calculate the greatest common divisor of 193152 and 7781913.
1509
Calculate the highest common divisor of 90 and 546568710.
30
Calculate the greatest common factor of 8098188 and 108.
12
Calculate the greatest common divisor of 687743 and 14269.
19
Calculate the highest common divisor of 662064 and 48672.
624
Calculate the highest common divisor of 3216 and 85824.
48
What is the greatest common factor of 122102883 and 46?
23
What is the greatest common factor of 304 and 752533?
19
Calculate the highest common divisor of 4558 and 119074.
2
What is the greatest common divisor of 3056304 and 37392?
1968
What is the highest common factor of 14161 and 4571980?
2023
Calculate the highest common factor of 5619 and 432930839.
1873
What is the greatest common factor of 208 and 681304?
104
Calculate the highest common divisor of 350483169 and 51.
51
What is the highest common factor of 265074730 and 10?
10
Calculate the highest common factor of 290510 and 42395.
695
What is the highest common factor of 14839 and 2101?
11
Calculate the highest common divisor of 836 and 762751.
11
Calculate the greatest common divisor of 134075 and 100650.
25
Calculate the greatest common divisor of 12217950 and 75.
75
Calculate the highest common divisor of 459 and 1376779.
17
What is the greatest common divisor of 63600 and 40654710?
1590
Calculate the greatest common divisor of 15 and 998335.
5
What is the highest common factor of 184 and 11895163?
23
What is the highest common factor of 34924416 and 5562?
618
What is the highest common divisor of 25710125 and 3500?
875
Calculate the greatest common divisor of 72 and 1596800.
8
What is the highest common divisor of 6885772 and 547028?
652
What is the highest common divisor of 1769798469 and 71?
71
Calculate the greatest common factor of 28319945 and 5.
5
Calculate the highest common factor of 32460418 and 981.
109
Calculate the highest common factor of 17904332 and 1506.
502
What is the highest common divisor of 39 and 688543843?
13
What is the greatest common factor of 7038 and 89454?
102
Calculate the greatest common divis